v) = 5 - 5*v - 2*v + 8*v. What is g(f)?
9
Suppose 0 = 3*b - 6 - 9. Suppose b*d = -13 - 2. Let w(i) = -21*i + 21. Let g(r) = 27*r - 26. Let s(x) = 4*g(x) + 5*w(x). What is s(d)?
-8
Let k(i) = -7. Let p = 0 - -5. Let y(n) = -n - 14. Let v(f) = p*k(f) - 3*y(f). Let d(t) = -5*t**3 + t**2 - 99*t + 98. Let w be d(1). Determine v(w).
-8
Let z(c) = c**2 - 6*c + 10. Suppose -4*q - 5*b = -1, 0 = b - 5*b - 12. Let f be z(q). Suppose 12 = -2*k - f*k. Let m(a) = -a**2 - 4*a + 1. Calculate m(k).
4
Let z(v) = v**2 + 16*v + 20. Let g be z(-15). Suppose -56 = -2*n - g*n. Let i(u) = u**2 - 6*u - 9. Determine i(n).
7
Let k(v) = -7 - v - 3*v - v + 6*v. Suppose l = -3*l + 36. Suppose -3*h - 5*u - 38 = 0, l = -5*h + 5*u - 1. Calculate k(h).
-13
Let k(c) = c**3 - 3*c**2 - c - 2. Suppose -4*m = -3*t - 413, -4*t - 145 - 399 = -2*m. Let d be (-46)/(-10) + 81/t. Give k(d).
10
Let w be -2 - ((-5 - 0) + -8). Let i(o) = -8 - 3 - 2*o + w - 6. Let f be (1 + 7)*(-2)/4. Give i(f).
2
Let v be -1 - (-5 - 7/(-7)). Suppose -27 - 23 = 5*m - 2*q, 3*m = v*q - 21. Let r(j) = -j - 4. Determine r(m).
8
Suppose 0 = 17*y - 142 - 130. Suppose -y*b = 11*b - 31*b. Let i(k) = -6 + 1 - k - 1. Give i(b).
-6
Let m(h) be the third derivative of 0*h + 0 - 3*h**2 - 1/60*h**5 + 4/3*h**3 - 1/3*h**4. Suppose 4*s + 3 + 25 = 0. What is m(s)?
15
Let h(j) = 2*j**3 - 8*j - 33. Let f(y) = -y**3 + 2*y. Let s(q) = 4*f(q) + h(q). Let t(w) be the first derivative of s(w). Determine t(1).
-6
Let a(h) = -1494*h**2 + 505*h**2 - 1 + 500*h**2 + 497*h**2. Let u(v) = -v**2 - 1. Let f be u(0). Calculate a(f).
7
Let m(k) be the third derivative of -k**5/60 + 7*k**4/24 + k**3/6 - 2*k**2. Let n = -125 - -165. Let j = -34 + n. Determine m(j).
7
Let q(g) = -2*g**2 + 15*g + 11. Let f be q(8). Let u(x) = 43 - 30 - x**f - 2*x - 10. Calculate u(2).
-9
Suppose -3*x - 25 = 4*w, -16 = 3*x - 31. Let t be ((-180)/(-25))/3 - w/(-25). Let u(r) = r**3 - 3*r**2 + r + 1. Give u(t).
-1
Let u(i) = -33*i - 9. Let h = -670 - -667. Let p(l) = 15*l + 4. Let k(z) = h*u(z) - 7*p(z). What is k(-6)?
35
Let m(j) = 12*j**3 - 232*j**2 + 264*j + 937. Let x(r) = r**3 - 21*r**2 + 24*r + 85. Let p(o) = -2*m(o) + 23*x(o). What is p(-20)?
1
Let w(x) = 5*x**2 - 104*x + 74. Let z = -36922 - -36942. Calculate w(z).
-6
Let q(c) = -c**2 + c - 12. Let d(t) = -46*t**3 + 3*t**2 - 5*t + 38. Let n(w) = -d(w) - 3*q(w). Calculate n(1).
46
Let l(n) = n**3 + 16*n**2 - 17*n - 3. Suppose 0 = -13*y - 298 + 77. What is l(y)?
-3
Let z(l) = -l**3 - 8*l**2 + l + 11. Let o(t) = 2*t**3 + 41*t**2 - 112*t + 62. Let r be o(-23). Calculate z(r).
-45
Let q(w) = -w**2 - 9*w - 25. Let s = -2648 + 2640. What is q(s)?
-17
Let k be (-300)/(-800) + (1 - 22/16). Let z(q) be the second derivative of 1/2*q**4 - 1/3*q**3 - 3/2*q**2 + 18*q - 1/20*q**5 + k. What is z(5)?
12
Let z = 6239 + -6233. Let m(k) = -3*k**2 + 16*k - 6. Give m(z).
-18
Let a(j) = 7*j**3 + 3*j**2 + 7*j - 14. Let i(y) = 4*y**3 + 3*y**2 + 3*y - 10. Let f(p) = 3*a(p) - 5*i(p). Calculate f(4).
0
Let a(q) be the third derivative of q**6/120 + q**5/15 + q**4/3 + 7*q**3/3 + 64*q**2 + q + 8. Determine a(-4).
-18
Let t(p) = -p**2 - 8*p - 6. Let s(n) = -n**2 + n. Let w(j) = s(j) + t(j). Let r = -2685 - -2681. Give w(r).
-10
Let f(j) = 28 - 1 + 7*j + 11 + 9. Let g(r) = 6*r + 45. Let s(a) = -5*f(a) + 6*g(a). Determine s(0).
35
Let n(i) = 25*i**3 + 2*i**2 - i - 2. Suppose -28*l - 258 = 214 - 444. What is n(l)?
-24
Let v = -721 + 781. Let n be (3*(-16)/v)/((-4)/(-10)). Let y(h) = 8*h**2 - h - 2. Give y(n).
32
Let q(g) be the first derivative of g**4/4 + g + 10947. Suppose 2*n + n = -6. Calculate q(n).
-7
Let k(b) = 7*b**2 + 8*b + 5. Let h = -80 - -75. Let f(u) = 9*u**2 + 9*u + 5. Let c(n) = h*k(n) + 4*f(n). Give c(4).
-5
Let i(m) = -2*m + 1. Suppose 3*g - 72 = -g. Suppose g = -p + 21. Determine i(p).
-5
Let z = -10 - -8. Let l(u) = -9*u + 3*u - 189 - u**2 + 61 + 2*u**3 + 62 + 63. Calculate l(z).
-11
Suppose 22*h - 5922 = h. Let v(k) = -h*k + 280*k - 2 - 8. Give v(-6).
2
Let y(r) be the third derivative of 0*r**3 + 1/4*r**4 + 0 + 0*r - 145*r**2. Calculate y(1).
6
Let n(x) = -x**3 - x**2 - x - 13. Let o(m) = -30*m + 14. Let l be o(9). Let g = l - -256. Calculate n(g).
-13
Suppose -17*m + 13*m = 5*t - 17, -8 = -2*m - 2*t. Suppose -m*l - 2*i - 11 = -6*l, 0 = i - 2. Let q(y) = 9*y + 2. What is q(l)?
47
Let r(s) = s**2 - 5*s - 2. Let m be r(6). Let x(u) = -m + 3 - u + 9. Suppose 2*d = 19 - 7. Give x(d).
2
Let w(o) = -10*o + 10 + 387*o**3 + 389*o**3 - 1175*o**3 + 391*o**3. What is w(1)?
-8
Suppose 5*m = -5*b + 85 - 30, -26 = 2*b - 4*m. Let o(u) be the third derivative of -1/24*u**4 + 7/6*u**b + 17*u**2 + 0 + 0*u. Calculate o(5).
2
Let n = 4954 + -4944. Let y(t) = t**3 - 10*t**2 - 4*t + 33. Give y(n).
-7
Let k be ((-3)/4)/((-4)/96). Let q be 3*3*(190/k + 1). Let n(u) = 12 + 106*u - q*u - 2. Determine n(-8).
-6
Let m(a) = -2*a**2 + 5*a + 3. Let c be 3 + 2 - -2 - 3. Suppose c*k = 34 + 270. Let q = -72 + k. Calculate m(q).
-9
Let x(v) be the third derivative of v**5/60 - v**4/24 - 9*v**3 + 2*v**2 - 244. What is x(0)?
-54
Let k(h) = 4*h + 16*h - 8*h - 6 - 6*h + 2*h. Give k(2).
10
Let b(z) = -z**3 + 3*z**2 - 2*z - 2. Let o be b(2). Let w(m) = -214*m - 132*m + m**2 + 344*m - 3. Calculate w(o).
5
Let r(f) be the second derivative of 5*f**4/12 + 17*f**3/6 + 5*f - 541. Determine r(-3).
-6
Suppose 11*b + 11*b = 80 + 184. Let j(o) = 10*o - 133. Calculate j(b).
-13
Let c(n) = 35*n - 33. Let o(a) = -116*a - 1390. Let v be o(-12). Calculate c(v).
37
Let o(m) = -3*m + 13. Let b = 93 - 91. Suppose -20 + 2 = -b*n. Calculate o(n).
-14
Let u(p) = p**3 + 11*p**2 + 12*p + 12. Suppose 17 = -r + 2*v, -102*r = -101*r + 3*v - 3. Determine u(r).
66
Let b(a) = 62*a - 257*a - 238 + 56*a + 56*a + 48*a. What is b(-6)?
-28
Let g(l) = -2*l**2 + 2*l + 5. Let q(n) = -4*n**2 + 5*n + 9. Let i be (5 - 888/10) + 1/(-5). Let t be 4*(i/16 + 4). Let h(v) = t*g(v) + 3*q(v). Give h(4).
-10
Suppose -a = 2*m - 9, 3*a = 4*m - m. Let q(i) = 10*i + 16*i - a + 4 - 33*i. What is q(2)?
-13
Let w(g) = g**2 + 5*g + 4. Let r be (0*(-1)/(-3))/(-2). Let l be w(r). Let t(b) = 5*b + 7 - l - 7*b. What is t(5)?
-7
Let h(r) = 2884*r**3 - 1 - 6*r**2 + 14*r**2 - 2883*r**3. Calculate h(-8).
-1
Let r be (-7 + (-93)/(-12))/(1/4). Suppose r*n - 3 = -3*l, 4*l - l = 2*n + 3. Let a(o) = -o. What is a(n)?
0
Suppose 143*r = 139*r - 12. Let i(n) = -21*n + 4 + 11*n + 12*n - 3. Give i(r).
-5
Let v be 7452/51 - 4 - (-6)/(-51). Let a(o) = -o + 9 - 2 - v*o**2 + 141*o**2 - o**3. Give a(0).
7
Let j(v) = -9*v**2 + 17*v - 7. Let h(w) = 5*w**2 - 9*w + 4. Let d(s) = -5*h(s) - 3*j(s). Let n(i) = i**3 - 16*i**2 + 14*i + 20. Let r be n(15). Give d(r).
21
Let h(y) = 6*y - 179. Suppose 206*v = -60*v - 13*v + 9765. Determine h(v).
31
Let t(m) = m**2 - 3. Let w(u) = 2*u + 15. Let z be w(0). Let p(b) = -b**3 + 15*b**2 + 1. Let n be p(z). Let a be n - (4 + 1 + -4). What is t(a)?
-3
Let u(d) be the third derivative of -d**4/12 + 3*d**3/2 + d**2 + 189*d. Calculate u(-10).
29
Let p(q) = -q**3 + 14*q**2 + 7*q - 92. Suppose -79*d + 77*d + 5*o = -8, 2*d + 35*o - 168 = 0. Determine p(d).
6
Let v(j) = 2*j**3 + 8*j**2 - 6*j + 32. Let k = 3212 - 3217. Give v(k).
12
Let r(w) be the first derivative of 6*w + 27. Let u(p) = p + 18. Let d(g) = 11*r(g) - 4*u(g). Determine d(6).
-30
Let r = 44 - 38. Let v = r - 17. Let c(q) = q**3 + 12*q**2 + 12*q + 7. Let h be c(v). Let g(j) = -j**3 - 5*j**2 + j + 2. Determine g(h).
-18
Let q = -35 - -79. Let d = -42 + q. Suppose 2*n = r - d*r - 6, n - 2 = -3*r. Let u(o) = o**3 + 2*o - 2. What is u(r)?
10
Let d(w) = 24*w**3 - 39*w**2 - 39*w + 7. Let x(v) = 5*v**3 - 8*v**2 - 8*v + 1. Let u(z) = -4*d(z) + 19*x(z). What is u(4)?
7
Let r(x) be the second derivative of x**5/20 - x**4/3 - x**3/6 - 23*x**2/2 + 2*x. Suppose -1448 = -349*h + 297. Give r(h).
-3
Let m = -7 - -9. Let w(j) = -j**3 - 1 - j**3 + 16*j - 2*j**3 + 3*j**3 - 18*j. Give w(m).
-13
Let d(n) = 118*n - 25. Let r(t) = 159*t - 24. Let p(y) = 4*d(y) - 3*r(y). Determine p(-6).
2
Let y be 1/(55/22 + 4) + 24/13. Let f(j) = -9*j - 1. What is f(y)?
-19
Let h(d) = 6*d + 263. Let m = -29309 - -29265. Give h(m).
-1
Let n be (-5 - 3)*(-15)/(-20). Let y = n - -8. Let x(h) = 5*h**2 + 0*h**3 - h**3 + 3 - 2*h - 4*h**2 + h**y. Determine x(3).
-12
Let x = 3641 - 3623. Let 